. Calculate the remainder when ((-106)/20)/(165/(-1650)) is divided by y.
15
Suppose 0 = -13*k + 374 - 75. Let v be (-3)/((-18)/(-274))*-9. Suppose -2*d - 3*c + 140 = 0, -2*c - v = -5*d - 99. What is the remainder when d is divided by k?
18
Suppose -6 - 493 - 1521 = -20*u. Calculate the remainder when u is divided by 81.
20
Let w be (-2)/(-1) - (5 + -4 - 50). Calculate the remainder when 178 is divided by (-1564)/w*3/(-2).
40
Suppose -5*z = 2*y - 175, 4*y - 3*z - z - 336 = 0. Let j(d) = -6*d + 6. Let r be j(-28). Suppose -r = -7*n + n. What is the remainder when y is divided by n?
27
Suppose -f = -6*f + 330. Suppose 411 = -24*b + 699. What is the remainder when f is divided by b?
6
Let d(b) = -4*b**3 + b**2 - 2*b + 470. What is the remainder when d(0) is divided by 82?
60
Suppose 216 - 818 = -7*f. Suppose 5*o - f - 164 = 0. Calculate the remainder when o is divided by (-1)/((-2)/54) + 0.
23
Suppose -4 + 0 = -c. Let b(f) = f**2 + 17*f - 61. Let d be b(-20). What is the remainder when c is divided by -6*((-5)/3 - d)?
0
Suppose -3*n = 2*f + 2, 1216*f - 1213*f - 35 = 5*n. Calculate the remainder when 38 is divided by f.
3
Let t = -3032 - -3057. Calculate the remainder when 44 is divided by t.
19
Let c = -9 - -12. Suppose 3*k - 9 = -x + 1, -53 = -4*x + k. Suppose -t - 4*f + x = -7*f, -t = 5*f - 13. Calculate the remainder when t is divided by c.
1
Suppose -4*v = 3*f - 2518 - 926, 5*v - 3444 = -3*f. What is the remainder when f is divided by 64?
60
Let k be 75/10*4/3. Suppose k = w + 4*f - 6, f = -w + 7. Suppose w*q - 436 = -0*q. What is the remainder when q is divided by 28?
25
Let z(u) = 182*u + 54 - 360*u + 165*u. What is the remainder when z(-6) is divided by 23?
17
Suppose 0*u = -2*u + 5*t + 354, -366 = -2*u + 2*t. Suppose -20*a = -3*a - u. Let r(y) = 8*y - 63. What is the remainder when r(a) is divided by 17?
8
Let d(o) = 4*o**2 - 53*o - 29. What is the remainder when (724/5)/(265/(-25) + 11) is divided by d(14)?
11
Let x(v) = 11*v**2 - 401*v - 136. Calculate the remainder when 356 is divided by x(37).
12
Let d(p) = 167*p - 2476. Calculate the remainder when 596 is divided by d(16).
8
Calculate the remainder when ((-120)/72)/(20/(-28800)) is divided by 36.
24
Suppose 0 = 4*k + 29 - 189. Let c = k - 26. What is the remainder when 31 is divided by (22/4)/(7/c)?
9
Suppose -5*n + 84 = -3*n. Let u = 335 + -325. Suppose 1311 = u*l - 349. What is the remainder when l is divided by n?
40
Let u = -845 + 930. Calculate the remainder when 332 is divided by u.
77
Suppose -3*g - 42*l + 46*l = 11, -4*g + 22 = 2*l. Suppose h - 16 = 3*k, -2*h + 63 = g*h + 2*k. What is the remainder when 48 is divided by h?
9
Let a = 9780 + -9764. Calculate the remainder when 2154 is divided by a.
10
Suppose 0*q = -q + 3. Suppose 0 = -u - q*u + 44. Suppose -439968*b = -439866*b - 8670. Calculate the remainder when b is divided by u.
8
Suppose 256 = -3*l - l. Let p = 100 + l. What is the remainder when 2/1 + (0 - -3) - (-75 + -61) is divided by p?
33
Let m = 3210 - 3017. What is the remainder when m is divided by 11?
6
What is the remainder when 96 is divided by (-7 - -3) + 171/3 + -1?
44
Let j be 68 - (2 - (3 + 1)). Let u = 1795 - 1771. Let a = j + u. Calculate the remainder when a is divided by 16.
14
Suppose 0 = -40*v - 45 + 12645. Calculate the remainder when v is divided by 106.
103
Suppose 5*o = -3*b + 293, 172 = -49*b + 51*b + o. Calculate the remainder when b is divided by (-3)/2*20/(-3).
1
Suppose -17*q - 1686 = -2179. Calculate the remainder when 2259 is divided by q.
26
Let v(y) = y + 10. Suppose c = t - 0*t - 11, -4*c = -3*t + 49. Let u be v(c). What is the remainder when (2/6)/(u/(-828)) is divided by 12?
10
Let y = -97 + 99. Let k(i) = -i**2 + 6. What is the remainder when 3*y/(-15) - 208/(-20) is divided by k(0)?
4
Let s(j) = j**2 - 48. What is the remainder when 190 is divided by s(-12)?
94
Let y(h) = -4*h**2 - 342*h - 1574. Calculate the remainder when 1*6*(-35)/(-2) is divided by y(-5).
33
Suppose 4*y - 2*c - 4 = 0, 5*c - 11 = -2*y + 5*y. Let k = 6 - y. Calculate the remainder when 29 is divided by k.
2
Let z(o) = o**3 - 9*o**2 + 11*o + 35. Let q be z(6). Calculate the remainder when 54 is divided by 1/((-12)/42)*8/q.
2
Calculate the remainder when ((-16)/30)/((-8)/108)*(-31360)/(-42) is divided by 1788.
12
Let a = 16 - -30. Let q = a + -18. What is the remainder when ((-14)/q)/((-2)/388) is divided by 20?
17
Let u be 47*(-2)/(-12) + (-21)/(-126). Let t(p) = -p**2 + 15*p - 17. Suppose 0 = x - 116 - 35. Calculate the remainder when x is divided by t(u).
34
Suppose -11*z + 517 = -495. Suppose 2*q = 34 + 16. Calculate the remainder when z is divided by q.
17
Let w(c) = -2*c**3 + 89*c**2 - 127*c - 47. Calculate the remainder when 776 is divided by w(43).
35
Let x(w) = 2*w**2 - 8*w + 7. Calculate the remainder when (231/63)/((-13)/(-1014)) is divided by x(5).
14
Let p(k) = k**3 + 94*k**2 + 512*k - 83. What is the remainder when p(-88) is divided by 19?
14
Let t be ((-393)/12)/((-7)/28). Let n = t - -56. Calculate the remainder when n is divided by 61.
4
Let q be (-30)/(-45)*(468 - (-2 - 1)). Suppose -4*y + q + 164 = 5*k, -4*k - 460 = -4*y. Calculate the remainder when y is divided by 15.
12
Let p = -13088 - -13170. Calculate the remainder when 315 is divided by p.
69
Let v(p) = -p**3 + 7*p**2 - 8*p + 2. Calculate the remainder when 443 is divided by v(5).
11
Let r = -16 + 86. Let i = -49 + r. Suppose 53*f - 6670 = 3241. Calculate the remainder when f is divided by i.
19
Suppose 3*i = -r - 13 + 11, 0 = r + 2*i. Suppose -2*f + 3*f + 3*a - 45 = 0, r*a = -f + 44. What is the remainder when f is divided by 19?
10
Let j = 254 - 728. Let v = -411 - j. What is the remainder when 247 is divided by v?
58
Let p(l) = 2*l**2 + 29*l + 68. Let m be 2 - (-264)/(-15) - (-3)/5. What is the remainder when p(m) is divided by 51?
32
Suppose 3*d = -423 + 384. Let x(c) = 6*c**2 + 78*c + 2. Calculate the remainder when 43 is divided by x(d).
1
Suppose -4*p + 150 = -j + p, 2*j = -3*p - 352. Let t = 191 + j. What is the remainder when 73 is divided by t?
10
Let n = -27 - -30. Suppose -5*v + 6 = -n*v. Suppose v*t = -4 + 43. What is the remainder when t is divided by 9?
4
Let q(s) = -9*s + 27. Let t(z) = -4*z + 14. Let i(m) = -3*q(m) + 7*t(m). Let a = 7 - -2. What is the remainder when i(-8) is divided by a?
7
Let g(z) = -z**2 + 150*z + 2701. Calculate the remainder when 9261 is divided by g(-16).
36
Suppose -5*b = b - 150. Suppose -m = -b*m + 5088. Calculate the remainder when m is divided by 43.
40
Suppose 0 = 38*v - 44*v + 3*n + 44841, 0 = 5*v - n - 37363. Calculate the remainder when v is divided by 267.
263
What is the remainder when 8637 is divided by (4984/(-534))/(14/(-96))?
61
Let x(t) = -t**3 - 2*t + 4. Let s be x(0). Suppose -s*i - 5*j + 4 = -38, -2*i = 3*j - 22. What is the remainder when 79 is divided by i?
7
Let q = -6183 + 6192. Calculate the remainder when 2446 is divided by q.
7
Let j(d) = -d**2 + 2*d + 18. Let g be j(5). Suppose -2*f = -33 + g. Calculate the remainder when (-2)/(-3*4/246) is divided by f.
11
Calculate the remainder when -3 - ((-25)/(750/4) + 10839/(-45)) is divided by 170.
68
Let c(b) = b + 2. Suppose 11*t - 393 = -41. Suppose 73*r = 75*r - t. Calculate the remainder when r is divided by c(3).
1
Let g = -27 - -37. Let c = -1 - 4. Calculate the remainder when ((-2)/5)/(c/725) is divided by g.
8
Let m be (-44)/33*-564*(-2)/(-2). Let h = m - 746. Calculate the remainder when 99 is divided by h.
3
Let q(m) = -62*m - 6310. What is the remainder when q(-122) is divided by 134?
48
Let b be (1 - (-9)/(-7)) + (-1324)/(-28). Let c = b - 44. Suppose -a - 486 = -c*z - 104, 5*z - 4*a - 625 = 0. Calculate the remainder when z is divided by 10.
9
Calculate the remainder when 30588 is divided by 102/(-42) + 2 - (10 - (-925)/(-35)).
12
Suppose 0 = -3*r + 4*v + 155, -5*r - 5*v - 49 + 284 = 0. What is the remainder when (-4)/((-2)/9 + 600/3186) is divided by r?
20
What is the remainder when 150 is divided by (-32103)/(-459) - (-5)/85?
10
Let u = 13573 - 13299. What is the remainder when u is divided by 48?
34
Let k = 359 - 327. Calculate the remainder when 52 is divided by k.
20
Let j(x) = 22*x**3 - 3*x**2 + 6*x - 1. Let c be j(1). Suppose 13*k = c*k - 1045. Calculate the